v = -0*n - 7. Suppose -5*q = -11 + 1. Suppose 0*g + 18 = q*g. What is the greatest common divisor of n and g?
3
Let g(o) = 6*o**3 - 2*o**2 + 2. Let l be g(2). Let s = 547 + -541. Calculate the greatest common divisor of l and s.
6
Let f(b) = 13*b**3 - 10*b**2 + 21*b + 6. Let o be f(3). Calculate the greatest common factor of 90 and o.
30
Let w be -5 + 3 + 2 - -5. Let j(r) = r**2 - 3*r - 9. Let q be j(w). Let f = 32 - 23. Calculate the highest common divisor of f and q.
1
Let r(z) be the second derivative of z**4/12 - z**3/6 + 8*z. Let p be r(-1). Let m(g) = 68*g. Let c be m(p). What is the highest common divisor of c and 34?
34
Let f(k) = -20*k - 9. Let z be f(-4). Suppose 0 = 3*x - z + 17. Let o(t) = 3*t - 12. Let j be o(7). Calculate the highest common divisor of j and x.
9
Suppose 1386 = 3*s + 15*s. Let j(p) = p**2 - 4*p - 10. Let h be j(8). Calculate the highest common factor of s and h.
11
Let g(a) = a**3 + 13*a**2 - 14*a + 27. Let x be g(-14). Let m be (-99)/(-2)*18/x. What is the highest common divisor of 22 and m?
11
Suppose 0 = -t + 1 - 2, 0 = -5*c - 3*t + 12. Suppose 0 = f + c*f. Suppose -w = -3 - f. What is the highest common factor of 2 and w?
1
Suppose 0 = -q + 3*q - 2*z - 14, 0 = 4*q + 3*z + 7. Calculate the highest common factor of q and 1.
1
Let s(y) = y**3 + 25*y**2 - y - 23. Let z be s(-25). Suppose 6 = 4*i + q, -6 = -4*i - i - z*q. What is the highest common factor of 1 and i?
1
Let s = -14 - -14. Suppose -q + s*q = 0. Let w = q - -5. Calculate the greatest common factor of 10 and w.
5
Suppose 0 = 3*p + p - 352. Suppose 18 = -2*c + p. Calculate the greatest common factor of c and 14.
7
Let g(w) = -11*w - 2. Let x be g(-2). Suppose -4*n + 5*y + x + 23 = 0, n = y + 11. What is the highest common factor of n and 48?
12
Suppose 3*k - 3*q - 3 = -0*q, -3*k + 5 = -q. Suppose 5*m - s = 166, 0*s = -k*s + 8. Suppose g + 0*g - 85 = 0. What is the greatest common factor of m and g?
17
Let r(b) = 142*b - 50. Let k be r(2). Calculate the highest common factor of k and 26.
26
Let q(g) = -g**3 + 20*g**2 + 33*g - 70. Let o be q(21). Calculate the greatest common factor of o and 26.
26
Let b be -11 + 5 - (1 + -57). Calculate the greatest common divisor of b and 225.
25
Let w(g) = g - 5. Let f be w(7). Suppose -f*j + 48 = 2*j. Suppose -2*a = -22*m + 19*m - 42, -4*a + 94 = -m. Calculate the highest common factor of a and j.
12
Let u = -6 - -14. Let a = 11 - u. Suppose 0*m - 3*m = -90. What is the highest common factor of m and a?
3
Let t = 2048 + -1124. Suppose m - t = -2*m. What is the greatest common factor of 28 and m?
28
Let v = 86 + -56. Calculate the greatest common divisor of 480 and v.
30
Suppose 0 = 3*f + 2*a + 25, 0 = 2*f - 3*a + a + 20. Let q = 7 - f. Let h be (3/9)/((-3)/(-36)). What is the highest common factor of h and q?
4
Suppose -2*k = -0*k - 2. Let x be 8 - k*(-2 + 1). Let u = 3997 + -3988. Calculate the greatest common divisor of u and x.
9
Suppose 3*j = -5*l + 95, -2 = 2*j - 12. Let y be (-2 - -8)*(l/(-12) + 4). Suppose 124 = 2*i - 4. Calculate the highest common factor of i and y.
16
Let l = -500 - -563. Suppose i = -2*w + 52, -2*i + 3*w = 3*i - 195. What is the greatest common divisor of l and i?
21
Let y = 415 - 285. Suppose -5*k + 4*k + 3*n + 22 = 0, -5*n = 5*k - y. What is the highest common divisor of k and 5?
5
Let l be 276/15 - (-46)/(-115). Let c(k) = 5*k**3 + k**2 + k - 1. Let o be c(2). What is the highest common factor of o and l?
9
Let c(b) = 3*b - 1 - 2*b - 3*b + 5. Let h be c(0). Suppose 131 = h*w - 205. Calculate the highest common factor of 21 and w.
21
Let w = -404 + 1140. What is the greatest common factor of 138 and w?
46
Let l be 6/2 + -9 + 58. Let v = l + -38. What is the greatest common factor of 56 and v?
14
Suppose 1 + 4 = d. Let c = 276 - 261. Calculate the greatest common divisor of c and d.
5
Suppose 0 = -8*m + 27 - 11. Let p(x) = -4*x. Let n be p(-2). Suppose -2*h = -2*w + m*h + n, -h = 5*w - 42. Calculate the greatest common divisor of 72 and w.
8
Suppose -2*g = 4*w - 960, -86*w = 2*g - 83*w - 960. What is the highest common divisor of g and 3?
3
Let w be 0*4/(-32)*-4. Suppose 243 = 4*t + 3*i, w = -5*t + 3*i - 5*i + 295. Let o = -16 - -35. Calculate the highest common divisor of o and t.
19
Let n = 373 + -214. What is the greatest common factor of n and 265?
53
Let d = 271 - 193. What is the greatest common divisor of 273 and d?
39
Suppose 112 = -0*r + 8*r. Let u = 20 - -92. What is the highest common factor of u and r?
14
Let q be (-3186)/15 + 6/15. Let l = q + 450. Calculate the greatest common factor of 34 and l.
34
Suppose t + 5*x = 104, -5 + 2 = -3*x. Suppose 4*l - 2*l = -42. Let p = l - -32. What is the greatest common divisor of t and p?
11
Let a be 9/(2/3 + 2/6). Calculate the greatest common factor of 159 and a.
3
Suppose -215*o - 36 = -219*o. Calculate the greatest common factor of 27 and o.
9
Let l(o) = -o - 6. Let f be l(-10). Suppose -173 = -2*b + 5*x, -42 - 77 = -b - f*x. What is the greatest common factor of 11 and b?
11
Let c be 37/((-222)/(-3024)) + 3. Calculate the highest common factor of 78 and c.
39
Let y(f) = -9*f**2 + 0*f + 6*f + 7*f**2 + 0*f**3 - f**3. Let h be y(-5). What is the greatest common divisor of h and 18?
9
Let k(d) = 4*d**2 - d - 2*d + 2 - 5*d**2 - 2*d**3. Let o be k(-3). Let g be (-150)/(-60)*(-28)/(-5). What is the greatest common factor of g and o?
14
Let g be 1 + 4*(19/2 - 4). Let d(k) = -104*k**2 + 145*k**2 + 189*k**2. Let s be d(-1). Calculate the greatest common divisor of g and s.
23
Suppose 4*v + 73 = 21. Let w = -7 - v. Suppose 0 = 7*s - 2*s - 5. Calculate the greatest common divisor of w and s.
1
Let p = -366 - -456. What is the highest common factor of 72 and p?
18
Let y be 122/(-244) + 243/2. Let z(h) = h**3 + h**2 + 11. Let q be z(0). Calculate the greatest common divisor of q and y.
11
Suppose -c + 2*b + 2 = 0, c - 4 = -c - b. Let x(i) = 12*i**2 + i - 3*i**c + 4 - 3. Let u be x(-1). Calculate the highest common factor of 45 and u.
9
Let n = 21 + -16. Let k be 0 + (-1 + 3 - -48). Suppose n + k = 5*l. What is the highest common divisor of 33 and l?
11
Suppose -25 = -5*r + 5. Let s(b) = b**3 - 5*b**2 - 5*b - 3. Let l be s(r). Suppose -l*p + 18 = -p. Calculate the highest common factor of p and 9.
9
Suppose 2*x - 28 = -a + 57, -2*x + 10 = 0. Suppose -2*t = -3*w - 46 - 27, 2*t - 5*w = a. Let l = -13 + t. What is the highest common factor of 88 and l?
22
Suppose -2*h - 4 = 0, -h = 52*t - 56*t + 18. Suppose 24 = -y + 5*y. What is the highest common factor of t and y?
2
Suppose -24*r + 292 + 284 = 0. Suppose -4*x + t - 4*t = -41, 0 = 3*x + 4*t - 36. Calculate the highest common divisor of r and x.
8
Suppose -4263 = 13*a - 62*a. What is the greatest common divisor of 1479 and a?
87
Let m(g) = g**3 - 6*g**2 - 10*g - 10. Let x be m(8). Let s = -33 + x. Let q = 7 - 6. Calculate the greatest common divisor of q and s.
1
Suppose 7*f = 17 + 11. Suppose f*y - 126 = -2. What is the highest common factor of y and 155?
31
Let p(g) be the first derivative of 29*g**3/3 + g + 3. Let y be p(1). What is the highest common divisor of 6 and y?
6
Suppose 199 = i - 19. What is the greatest common factor of 2 and i?
2
Suppose -40*h = -41*h + 3*t + 43, -4*t = -4*h + 196. Calculate the highest common divisor of 182 and h.
26
Let c be (-1)/6 - (-6 - 67/6). What is the greatest common divisor of 425 and c?
17
Let g = -13 - -13. Let m be (-34)/((g + 2)*-1). Calculate the greatest common factor of 17 and m.
17
Let r be -3*1*(-76)/6. Suppose -2*t - t - 4*d + r = 0, -4*t + 4*d + 4 = 0. Let o be 2/t*1*12. What is the highest common factor of 16 and o?
4
Let i = -327 - -347. Calculate the greatest common factor of i and 310.
10
Suppose 5*y - 29 = -3*i + 2, -5*i + 4*y - 10 = 0. Suppose i*q - 2 = q. What is the highest common divisor of 2 and q?
2
Suppose 2*m - 2*n = 2*n - 4, -5*n + 18 = 4*m. Suppose -302 = m*y - l - 4*l, 2*l = 0. Let t = 295 + y. What is the greatest common factor of t and 18?
18
Let s be (-4 - -3) + (-8)/(-4). Let p be 1 + (-3)/(-1) - s. Suppose -8*g + p*g = -10. What is the greatest common factor of 2 and g?
2
Suppose -4*h - 2 = 3*v + 1, -3*h + 29 = -4*v. Suppose 2*m = 3*o - 11, 0*m = 2*o + h*m - 16. Calculate the highest common factor of 165 and o.
5
Let b(a) 